{"id":590,"date":"2014-12-09T16:38:34","date_gmt":"2014-12-09T16:38:34","guid":{"rendered":"http:\/\/owls-n-bats.net\/?page_id=590"},"modified":"2019-01-26T19:53:38","modified_gmt":"2019-01-26T19:53:38","slug":"line-up-2015","status":"publish","type":"page","link":"https:\/\/owls-n-bats.net\/?page_id=590","title":{"rendered":"Line-Up 2015"},"content":{"rendered":"\n\t\t<style type=\"text\/css\">\n\t\t\t#gallery-2 {\n\t\t\t\tmargin: auto;\n\t\t\t}\n\t\t\t#gallery-2 .gallery-item {\n\t\t\t\tfloat: left;\n\t\t\t\tmargin-top: 10px;\n\t\t\t\ttext-align: center;\n\t\t\t\twidth: 20%;\n\t\t\t}\n\t\t\t#gallery-2 img {\n\t\t\t\tborder: 2px solid #cfcfcf;\n\t\t\t}\n\t\t\t#gallery-2 .gallery-caption {\n\t\t\t\tmargin-left: 0;\n\t\t\t}\n\t\t\t\/* see gallery_shortcode() in wp-includes\/media.php *\/\n\t\t<\/style>\n\t\t<div id='gallery-2' class='gallery galleryid-590 gallery-columns-5 gallery-size-thumbnail'><dl class='gallery-item'>\n\t\t\t<dt class='gallery-icon landscape'>\n\t\t\t\t<a href=\"#top\" class=\"no-lightbox\"><img width=\"150\" height=\"150\" src=\"https:\/\/owls-n-bats.net\/wp-content\/uploads\/2014\/12\/tbog_2015-150x150.jpg\" class=\"attachment-thumbnail size-thumbnail\" alt=\"\" loading=\"lazy\" aria-describedby=\"gallery-2-674\" \/><\/a>\n\t\t\t<\/dt>\n\t\t\t\t<dd class='wp-caption-text gallery-caption' id='gallery-2-674'>\n\t\t\t\tThe Beauty Of Gemina\n\t\t\t\t<\/dd><\/dl><dl class='gallery-item'>\n\t\t\t<dt class='gallery-icon landscape'>\n\t\t\t\t<a href=\"#psyche\" class=\"no-lightbox\"><img width=\"150\" height=\"150\" src=\"https:\/\/owls-n-bats.net\/wp-content\/uploads\/2014\/12\/psyche-150x150.jpg\" class=\"attachment-thumbnail size-thumbnail\" alt=\"\" loading=\"lazy\" aria-describedby=\"gallery-2-616\" \/><\/a>\n\t\t\t<\/dt>\n\t\t\t\t<dd class='wp-caption-text gallery-caption' id='gallery-2-616'>\n\t\t\t\tPsyche\n\t\t\t\t<\/dd><\/dl><dl class='gallery-item'>\n\t\t\t<dt class='gallery-icon landscape'>\n\t\t\t\t<a href=\"#zeitgeist\" class=\"no-lightbox\"><img width=\"150\" height=\"150\" src=\"https:\/\/owls-n-bats.net\/wp-content\/uploads\/2014\/12\/zeitgeist-150x150.jpg\" class=\"attachment-thumbnail size-thumbnail\" alt=\"\" loading=\"lazy\" aria-describedby=\"gallery-2-619\" \/><\/a>\n\t\t\t<\/dt>\n\t\t\t\t<dd class='wp-caption-text gallery-caption' id='gallery-2-619'>\n\t\t\t\tZeitgeist Zero\n\t\t\t\t<\/dd><\/dl><dl class='gallery-item'>\n\t\t\t<dt class='gallery-icon landscape'>\n\t\t\t\t<a href=\"#spiral\" class=\"no-lightbox\"><img width=\"150\" height=\"150\" src=\"https:\/\/owls-n-bats.net\/wp-content\/uploads\/2014\/12\/spiral-150x150.jpg\" class=\"attachment-thumbnail size-thumbnail\" alt=\"\" loading=\"lazy\" aria-describedby=\"gallery-2-618\" \/><\/a>\n\t\t\t<\/dt>\n\t\t\t\t<dd class='wp-caption-text gallery-caption' id='gallery-2-618'>\n\t\t\t\tSpiral69\n\t\t\t\t<\/dd><\/dl><dl class='gallery-item'>\n\t\t\t<dt class='gallery-icon landscape'>\n\t\t\t\t<a href=\"#winter\" class=\"no-lightbox\"><img width=\"150\" height=\"150\" src=\"https:\/\/owls-n-bats.net\/wp-content\/uploads\/2014\/12\/wsi-150x150.jpg\" class=\"attachment-thumbnail size-thumbnail\" alt=\"\" loading=\"lazy\" aria-describedby=\"gallery-2-620\" \/><\/a>\n\t\t\t<\/dt>\n\t\t\t\t<dd class='wp-caption-text gallery-caption' id='gallery-2-620'>\n\t\t\t\tWinter Severity Index\n\t\t\t\t<\/dd><\/dl><br style=\"clear: both\" \/>\n\t\t<\/div>\n\n<p><span style=\"color: #c4853c;\"><strong>The Beauty Of Gemina<\/strong><\/span><\/p>\n<p><a href=\"http:\/\/www.thebeautyofgemina.com\/\" target=\"_blank\"><img loading=\"lazy\" class=\" wp-image-674\" alt=\"The Beauty Of Gemina\" src=\"http:\/\/owls-n-bats.net\/wp-content\/uploads\/2014\/12\/tbog_2015.jpg\" width=\"960\" height=\"720\" srcset=\"https:\/\/owls-n-bats.net\/wp-content\/uploads\/2014\/12\/tbog_2015.jpg 960w, https:\/\/owls-n-bats.net\/wp-content\/uploads\/2014\/12\/tbog_2015-300x225.jpg 300w, https:\/\/owls-n-bats.net\/wp-content\/uploads\/2014\/12\/tbog_2015-400x300.jpg 400w\" sizes=\"(max-width: 960px) 100vw, 960px\" \/><\/a><\/p>\n<p lang=\"en-GB\"><span style=\"color: #c4853c;\">Don\u2019t fear the silence \u2013 discover the difference<\/span><\/p>\n<p align=\"JUSTIFY\"><span style=\"font-family: Arial, sans-serif; color: #c4853c;\">Die Band um den charismatischen S\u00e4nger und Songschreiber Michael Sele eroberte mit den bisher erschienenen Alben die internationale Rock- und Waveszene im Sturm. Mit dem im Jahr 2012 erschienenen Album ISCARIOT BLUES ist die Band unerm\u00fcdlich auf Tour! Das Album erhielt weltweit fantastische Kritiken, wurde in grossen und renommierten Medien rund um den Globus thematisiert, enterte die offizielle Schweizer Hitparade sowie die Itunes Rock Charts und positionierte sich wochenlang in den Top Ten der Deutschen Alternative Charts!<\/span><\/p>\n<p align=\"JUSTIFY\"><span style=\"font-family: Arial, sans-serif; color: #c4853c;\">THE BEAUTY OF GEMINA verstehen sich als moderne Rockband, sind nahe am Zeitgeist. Dennoch entzieht sich der Sound der Band bewusst einer klaren musikalischen Schubladisierung, pendelt gekonnt zwischen melancholischer Intimit\u00e4t und Stadionsound und verarbeitet dabei Einfl\u00fcsse von Rock, Wave, Goth, Electro. Die Band begeisterte das Publikum auf unz\u00e4hligen internationalen Festivals und Clubshows. Die Schweizer sind bekannt f\u00fcr atemberaubende und aussergew\u00f6hnliche Konzerte und teilten nicht umsonst die B\u00fchne bereits mit Gr\u00f6ssen wie Smashing Pumpkins, Placebo, Unheilig, Rammstein, Hurts, DAF, The Damned und vielen anderen Kultbands. THE BEAUTY OF GEMINA haben mit ihrem letzten Album ISCARIOT BLUES ein dunkelsch\u00f6nes Meisterwerk erschaffen, mit dem sie sich endg\u00fcltig in der ersten Liga elektronisch-rockiger Musik etablieren. Die Band verspricht kraftvolle, energiegeladene und dunkel-intensive Konzertn\u00e4chte. <\/span><\/p>\n<p><span style=\"color: #7071ad;\"><a href=\"http:\/\/www.thebeautyofgemina.com\/\" target=\"_blank\"><span style=\"color: #7071ad;\">http:\/\/www.thebeautyofgemina.com\/<\/span><\/a><\/span><br \/>\n<span style=\"color: #7071ad;\"><a href=\"http:\/\/www.thebeautyofgemina.com\/music\/\" target=\"_blank\"><span style=\"color: #7071ad;\">http:\/\/www.thebeautyofgemina.com\/music\/<\/span><\/a><\/span><\/p>\n<p><span style=\"color: #7071ad;\"><a href=\"#top\"><span style=\"color: #7071ad;\">back to top<\/span><\/a><\/span><\/p>\n<p><span style=\"color: #c4853c;\"><a id=\"psyche\"><\/a><strong>Psyche<\/strong><\/span><\/p>\n<p><a href=\"http:\/\/www.psyche-hq.de\/\" target=\"_blank\"><img loading=\"lazy\" class=\"alignnone  wp-image-616\" alt=\"psyche\" src=\"http:\/\/owls-n-bats.net\/wp-content\/uploads\/2014\/12\/psyche-1024x686.jpg\" width=\"584\" height=\"391\" srcset=\"https:\/\/owls-n-bats.net\/wp-content\/uploads\/2014\/12\/psyche-1024x686.jpg 1024w, https:\/\/owls-n-bats.net\/wp-content\/uploads\/2014\/12\/psyche-300x201.jpg 300w, https:\/\/owls-n-bats.net\/wp-content\/uploads\/2014\/12\/psyche-447x300.jpg 447w, https:\/\/owls-n-bats.net\/wp-content\/uploads\/2014\/12\/psyche.jpg 1348w\" sizes=\"(max-width: 584px) 100vw, 584px\" \/><\/a><\/p>\n<p align=\"JUSTIFY\"><span style=\"font-family: Arial, sans-serif; color: #c4853c;\">Je nachdem, welchen Song man gerade h\u00f6rt, sind Psyche entweder das ultimative Indie-Synth-Pop-Duo \u2013 oder Dark-Electronic-Wave-Pioniere. Genre-unabh\u00e4ngig schaffen Psyche Musik, die dramatische und emotionale Texte mit dunklen atmosph\u00e4rischen Klanglandschaften und Beats verbindet.<br \/>\nIn den fr\u00fchen Achtzigern etablieren sich Psyche vor allem mit Songs wie dem Dauerbrenner &#8222;Unveiling The Secret&#8220; (auch im Programm von DJs wie Miss Kittin, Joris Voorn, Sven V\u00e4th), &#8222;Eternal&#8220; und &#8222;Misery&#8220; in der Indie und Electro Szene. In den Neunzigern erweitern sie ihr Publikum erheblich durch den Toursupport von Anne Clark, den Hits &#8222;Angel Lies Sleeping&#8220;, &#8222;Tears&#8220;, &#8222;Murder In Your Love&#8220; und ihrer Cover-Version von Q Lazzarus&#8216; &#8222;Goodbye Horses&#8220; aus dem Film &#8222;Das Schweigen Der L\u00e4mmer&#8220;.<\/span><\/p>\n<p><span style=\"font-family: Arial, sans-serif; color: #c4853c;\">Mit dem Song &#8222;Sanctuary&#8220; und den Alben &#8222;A Hiding Place&#8220;, &#8222;Babylon Deluxe&#8220; und &#8222;The 11th Hour&#8220; (5 Wochen Platz 1 der DAC) beigeistern Psyche zu Beginn des neuen Jahrtausend auch die j\u00fcngere Generation.<\/span><\/p>\n<p><span style=\"font-family: Arial, sans-serif; color: #c4853c;\">Psyche sind au\u00dfer in ihrem urspr\u00fcnglichen Heimatland Kanada bereits in Australien, S\u00fcdafrika, Neuseeland, Deutschland, der Schweiz, Belgien, Frankreich, Polen, Spanien, Italien, Griechenland, Mexiko, Bulgarien und ganz Skandinavien aufgetreten und feierten 2013 ihr 30-j\u00e4hriges B\u00fchnenjubil\u00e4um<\/span><\/p>\n<p><span style=\"color: #7071ad;\"><a href=\"http:\/\/www.psyche-hq.de\" target=\"_blank\"><span style=\"color: #7071ad;\">http:\/\/www.psyche-hq.de<\/span><\/a><\/span><br \/>\n<span style=\"color: #7071ad;\"><a href=\"https:\/\/www.facebook.com\/Psyche\" target=\"_blank\"><span style=\"color: #7071ad;\">https:\/\/www.facebook.com\/Psyche<\/span><\/a><\/span><\/p>\n<p><a href=\"#top\"><span style=\"color: #7071ad;\">back to top<\/span><\/a><\/p>\n<p><span style=\"color: #c4853c;\"><a id=\"spiral\"><\/a><strong>Spiral69<\/strong><\/span><\/p>\n<p><a href=\"http:\/\/www.spiral69.com\" target=\"_blank\"><img loading=\"lazy\" class=\"alignnone  wp-image-618\" alt=\"spiral\" src=\"http:\/\/owls-n-bats.net\/wp-content\/uploads\/2014\/12\/spiral-1024x682.jpg\" width=\"584\" height=\"388\" srcset=\"https:\/\/owls-n-bats.net\/wp-content\/uploads\/2014\/12\/spiral-1024x682.jpg 1024w, https:\/\/owls-n-bats.net\/wp-content\/uploads\/2014\/12\/spiral-300x199.jpg 300w, https:\/\/owls-n-bats.net\/wp-content\/uploads\/2014\/12\/spiral-450x300.jpg 450w, https:\/\/owls-n-bats.net\/wp-content\/uploads\/2014\/12\/spiral.jpg 2048w\" sizes=\"(max-width: 584px) 100vw, 584px\" \/><\/a><\/p>\n<p><span style=\"font-family: Arial, sans-serif; color: #c4853c;\">SPIRAL 69 &#8211; das temperamentvolle Wave Post-Punk Trio aus Rom ist live unterwegs mit der aktuellen EP \u201eAlone\u201c, gemastert wurden die Songs von dem Kult Soundengineer Frank Arkwright, der schon f\u00fcr New Order, Joy Division und The Smiths gearbeitet hat. Mit Steven Hewitt (ex Placebo Schlagzeuger) produzierten sie ihr zweites Album \u201eNo Paint on The Wall\u201c das 2011 ver\u00f6ffentlicht wurde und in der Presse gro\u00dfen Anklang fand. <\/span><\/p>\n<p><span style=\"color: #7071ad;\"><a href=\"http:\/\/www.spiral69.com\" target=\"_blank\"><span style=\"color: #7071ad;\">http:\/\/www.spiral69.com<\/span><\/a><\/span><br \/>\n<span style=\"color: #7071ad;\"><a href=\"https:\/\/www.facebook.com\/spiral69music\" target=\"_blank\"><span style=\"color: #7071ad;\">https:\/\/www.facebook.com\/spiral69music<\/span><\/a><\/span><\/p>\n<p><span style=\"color: #7071ad;\"><a href=\"#top\"><span style=\"color: #7071ad;\">back to top<\/span><\/a><\/span><strong><\/strong><\/p>\n<p><a id=\"zeitgeist\"><\/a><span style=\"color: #c4853c;\"><strong>Zeitgeist Zero<\/strong><\/span><\/p>\n<p><a href=\"http:\/\/zeitgeistzero.com\/\" target=\"_blank\"><img loading=\"lazy\" class=\"alignnone  wp-image-619\" alt=\"zeitgeist\" src=\"http:\/\/owls-n-bats.net\/wp-content\/uploads\/2014\/12\/zeitgeist.jpg\" width=\"800\" height=\"534\" srcset=\"https:\/\/owls-n-bats.net\/wp-content\/uploads\/2014\/12\/zeitgeist.jpg 800w, https:\/\/owls-n-bats.net\/wp-content\/uploads\/2014\/12\/zeitgeist-300x200.jpg 300w, https:\/\/owls-n-bats.net\/wp-content\/uploads\/2014\/12\/zeitgeist-449x300.jpg 449w\" sizes=\"(max-width: 800px) 100vw, 800px\" \/><\/a><\/p>\n<p><span style=\"font-family: Arial, sans-serif; color: #c4853c;\">ZEITGEIST ZERO &#8211; die Band aus Leeds (UK) um die charismatische S\u00e4ngerin Teresa Dead, eine spannende Live Band, die schon allerhand Shows im harten UK Veranstaltungszirkus gespielt haben, zudem waren sie auch schon auf dem Wave Gotik Treffen, als auch k\u00fcrzlich auf dem Bram Stoker Film Festival, oder sie treten im Kabarett Stil in Transgender Bars auf, zu erz\u00e4hlen haben sie also reichlich. Sie nehmen gerade ihr neues Album auf. Die musikalische Stilrichtung beschreibt man am besten mit <\/span><\/p>\n<p><span style=\"color: #c4853c;\">&#8222;<i>A criminally underrated combination of alt-wave rock and eerie macabre pop. Fusing sultry female vocals with dark, twisted electronics and a determined attitude, This is a place where electro-goth, fuzzed up psychobilly and dance driven classic rock \u2018n roll bed down with seedy art-house eroticism, jazz-era glamour and a knowing cheekiness.&#8220;<\/i><\/span><\/p>\n<p lang=\"en-US\"><span style=\"color: #c4853c;\">Alles klar ? Jedenfalls: unbedingt anschauen<\/span><\/p>\n<p><span style=\"color: #7071ad;\"><a href=\"http:\/\/zeitgeistzero.com\/\" target=\"_blank\"><span style=\"color: #7071ad;\">http:\/\/zeitgeistzero.com\/<\/span><\/a><\/span><br \/>\n<span style=\"color: #7071ad;\"><a href=\"https:\/\/www.facebook.com\/ZeitgeistZero\" target=\"_blank\"><span style=\"color: #7071ad;\">https:\/\/www.facebook.com\/ZeitgeistZero<\/span><\/a><\/span><\/p>\n<p><span style=\"color: #7071ad;\"><a href=\"#top\"><span style=\"color: #7071ad;\">back to top<\/span><\/a><\/span><\/p>\n<p><span style=\"color: #c4853c;\"><a id=\"winter\"><\/a><strong>Winter Severity Index<\/strong><\/span><\/p>\n<p><a href=\"http:\/\/winterseverityindex.bandcamp.com\" target=\"_blank\"><img loading=\"lazy\" class=\"alignnone  wp-image-620\" alt=\"wsi\" src=\"http:\/\/owls-n-bats.net\/wp-content\/uploads\/2014\/12\/wsi.jpg\" width=\"850\" height=\"378\" srcset=\"https:\/\/owls-n-bats.net\/wp-content\/uploads\/2014\/12\/wsi.jpg 850w, https:\/\/owls-n-bats.net\/wp-content\/uploads\/2014\/12\/wsi-300x133.jpg 300w, https:\/\/owls-n-bats.net\/wp-content\/uploads\/2014\/12\/wsi-500x222.jpg 500w\" sizes=\"(max-width: 850px) 100vw, 850px\" \/><\/a><\/p>\n<p><span style=\"font-family: Arial, sans-serif; color: #c4853c;\">WINTER SEVERITY INDEX &#8211; ist ein New Wave Projekt aus Rom von der S\u00e4ngerin, Gitarristin und Songschreiberin Simona Ferrucci.<\/span><\/p>\n<p><span style=\"font-family: Arial, sans-serif; color: #c4853c;\">Kalte Vintage Drum Machine Rythmen treffen auf die gleitenden melancholischen Gitarrensounds von Simona, ihre tiefe und einpr\u00e4gsame Stimme und die dreamy Soundfl\u00e4chen von Alessandra\u2019s Synthies werden die Waldb\u00fchne in einen magischen Ort verwandeln. Wir haben die Band beim Gotham Sound Festival erlebt und waren hin und weg.<\/span><\/p>\n<p><span style=\"color: #c4853c;\">Simona Ferrucci \u2013 Gesang, Gitarre, Drum Programming, Lyrics and Arrangements<\/span><\/p>\n<p lang=\"en-GB\"><span style=\"font-family: Arial, sans-serif; color: #c4853c;\">Alessandra Romeo \u2013 Synths and Keyboards<\/span><\/p>\n<p lang=\"en-GB\"><span style=\"font-family: Arial, sans-serif; color: #c4853c;\">Giovanni Stax &#8211; Bass<\/span><\/p>\n<p><span style=\"color: #7071ad;\"><a href=\"https:\/\/it-it.facebook.com\/winterseverityindex\" target=\"_blank\"><span style=\"color: #7071ad;\">https:\/\/it-it.facebook.com\/winterseverityindex<\/span><\/a><\/span><br \/>\n<span style=\"color: #7071ad;\"><a href=\"http:\/\/winterseverityindex.bandcamp.com\" target=\"_blank\"><span style=\"color: #7071ad;\">http:\/\/winterseverityindex.bandcamp.com<\/span><\/a><\/span><\/p>\n<p lang=\"en-GB\"><span style=\"color: #7071ad;\"><a href=\"#top\"><span style=\"color: #7071ad;\">back to top<\/span><\/a><\/span><\/p>\n<p><span style=\"color: #7071ad;\"><a title=\"Owls 'n' Bats Festival 2014\" href=\"http:\/\/owls-n-bats.net\/?page_id=71\" target=\"_blank\"><span style=\"color: #7071ad;\">Line-Up 2014<\/span><\/a><\/span><\/p>\n<p>&nbsp;<\/p>\n","protected":false},"excerpt":{"rendered":"<p>The Beauty Of Gemina Don\u2019t fear the silence \u2013 discover the difference Die Band um den charismatischen S\u00e4nger und Songschreiber Michael Sele eroberte mit den bisher erschienenen Alben die internationale Rock- und Waveszene im Sturm. Mit dem im Jahr 2012 &hellip; <a href=\"https:\/\/owls-n-bats.net\/?page_id=590\">Weiterlesen <span class=\"meta-nav\">&rarr;<\/span><\/a><\/p>\n","protected":false},"author":1,"featured_media":0,"parent":1098,"menu_order":0,"comment_status":"closed","ping_status":"open","template":"","meta":[],"_links":{"self":[{"href":"https:\/\/owls-n-bats.net\/index.php?rest_route=\/wp\/v2\/pages\/590"}],"collection":[{"href":"https:\/\/owls-n-bats.net\/index.php?rest_route=\/wp\/v2\/pages"}],"about":[{"href":"https:\/\/owls-n-bats.net\/index.php?rest_route=\/wp\/v2\/types\/page"}],"author":[{"embeddable":true,"href":"https:\/\/owls-n-bats.net\/index.php?rest_route=\/wp\/v2\/users\/1"}],"replies":[{"embeddable":true,"href":"https:\/\/owls-n-bats.net\/index.php?rest_route=%2Fwp%2Fv2%2Fcomments&post=590"}],"version-history":[{"count":40,"href":"https:\/\/owls-n-bats.net\/index.php?rest_route=\/wp\/v2\/pages\/590\/revisions"}],"predecessor-version":[{"id":1535,"href":"https:\/\/owls-n-bats.net\/index.php?rest_route=\/wp\/v2\/pages\/590\/revisions\/1535"}],"up":[{"embeddable":true,"href":"https:\/\/owls-n-bats.net\/index.php?rest_route=\/wp\/v2\/pages\/1098"}],"wp:attachment":[{"href":"https:\/\/owls-n-bats.net\/index.php?rest_route=%2Fwp%2Fv2%2Fmedia&parent=590"}],"curies":[{"name":"wp","href":"https:\/\/api.w.org\/{rel}","templated":true}]}}