{"id":2737,"date":"2025-01-04T19:49:01","date_gmt":"2025-01-04T19:49:01","guid":{"rendered":"https:\/\/owls-n-bats.net\/?page_id=2737"},"modified":"2025-01-04T20:14:16","modified_gmt":"2025-01-04T20:14:16","slug":"line-up-2025","status":"publish","type":"page","link":"https:\/\/owls-n-bats.net\/?page_id=2737","title":{"rendered":"Line-Up Winterfest 2025"},"content":{"rendered":"\n\t\t<style type=\"text\/css\">\n\t\t\t#gallery-2 {\n\t\t\t\tmargin: auto;\n\t\t\t}\n\t\t\t#gallery-2 .gallery-item {\n\t\t\t\tfloat: left;\n\t\t\t\tmargin-top: 10px;\n\t\t\t\ttext-align: center;\n\t\t\t\twidth: 25%;\n\t\t\t}\n\t\t\t#gallery-2 img {\n\t\t\t\tborder: 2px solid #cfcfcf;\n\t\t\t}\n\t\t\t#gallery-2 .gallery-caption {\n\t\t\t\tmargin-left: 0;\n\t\t\t}\n\t\t\t\/* see gallery_shortcode() in wp-includes\/media.php *\/\n\t\t<\/style>\n\t\t<div id='gallery-2' class='gallery galleryid-2737 gallery-columns-4 gallery-size-thumbnail'><dl class='gallery-item'>\n\t\t\t<dt class='gallery-icon landscape'>\n\t\t\t\t<img width=\"150\" height=\"150\" src=\"https:\/\/owls-n-bats.net\/wp-content\/uploads\/2025\/01\/COX-2011-sean-mario-ronny-1-contrast-150x150.jpeg\" class=\"attachment-thumbnail size-thumbnail\" alt=\"\" loading=\"lazy\" aria-describedby=\"gallery-2-2738\" \/>\n\t\t\t<\/dt>\n\t\t\t\t<dd class='wp-caption-text gallery-caption' id='gallery-2-2738'>\n\t\t\t\tClan of Xymox\n\t\t\t\t<\/dd><\/dl><dl class='gallery-item'>\n\t\t\t<dt class='gallery-icon landscape'>\n\t\t\t\t<img width=\"150\" height=\"150\" src=\"https:\/\/owls-n-bats.net\/wp-content\/uploads\/2025\/01\/Night-Nail-Press-Pic-High-res-Vert-150x150.jpg\" class=\"attachment-thumbnail size-thumbnail\" alt=\"\" loading=\"lazy\" aria-describedby=\"gallery-2-2739\" \/>\n\t\t\t<\/dt>\n\t\t\t\t<dd class='wp-caption-text gallery-caption' id='gallery-2-2739'>\n\t\t\t\tNight Nail\n\t\t\t\t<\/dd><\/dl><dl class='gallery-item'>\n\t\t\t<dt class='gallery-icon landscape'>\n\t\t\t\t<img width=\"150\" height=\"150\" src=\"https:\/\/owls-n-bats.net\/wp-content\/uploads\/2023\/12\/YEAHRS-PIC_Promofoto_CopyrightBand_-2-150x150.jpeg\" class=\"attachment-thumbnail size-thumbnail\" alt=\"\" loading=\"lazy\" aria-describedby=\"gallery-2-2656\" \/>\n\t\t\t<\/dt>\n\t\t\t\t<dd class='wp-caption-text gallery-caption' id='gallery-2-2656'>\n\t\t\t\tYeahrs\n\t\t\t\t<\/dd><\/dl><dl class='gallery-item'>\n\t\t\t<dt class='gallery-icon portrait'>\n\t\t\t\t<img width=\"150\" height=\"150\" src=\"https:\/\/owls-n-bats.net\/wp-content\/uploads\/2025\/01\/Nikita-Curtis-Foto-2-hochkant-by-Yuri-Reitler-150x150.jpeg\" class=\"attachment-thumbnail size-thumbnail\" alt=\"\" loading=\"lazy\" aria-describedby=\"gallery-2-2741\" \/>\n\t\t\t<\/dt>\n\t\t\t\t<dd class='wp-caption-text gallery-caption' id='gallery-2-2741'>\n\t\t\t\tNikita Curtis\n\t\t\t\t<\/dd><\/dl><br style=\"clear: both\" \/>\n\t\t<\/div>\n\n<div id=\"attachment_2738\" style=\"width: 2570px\" class=\"wp-caption alignnone\"><a href=\"http:\/\/owls-n-bats.net\/wp-content\/uploads\/2025\/01\/COX-2011-sean-mario-ronny-1-contrast-scaled.jpeg\"><img aria-describedby=\"caption-attachment-2738\" loading=\"lazy\" class=\"size-full wp-image-2738\" src=\"http:\/\/owls-n-bats.net\/wp-content\/uploads\/2025\/01\/COX-2011-sean-mario-ronny-1-contrast-scaled.jpeg\" alt=\"\" width=\"2560\" height=\"1700\" srcset=\"https:\/\/owls-n-bats.net\/wp-content\/uploads\/2025\/01\/COX-2011-sean-mario-ronny-1-contrast-scaled.jpeg 2560w, https:\/\/owls-n-bats.net\/wp-content\/uploads\/2025\/01\/COX-2011-sean-mario-ronny-1-contrast-300x199.jpeg 300w, https:\/\/owls-n-bats.net\/wp-content\/uploads\/2025\/01\/COX-2011-sean-mario-ronny-1-contrast-1024x680.jpeg 1024w, https:\/\/owls-n-bats.net\/wp-content\/uploads\/2025\/01\/COX-2011-sean-mario-ronny-1-contrast-768x510.jpeg 768w, https:\/\/owls-n-bats.net\/wp-content\/uploads\/2025\/01\/COX-2011-sean-mario-ronny-1-contrast-1536x1020.jpeg 1536w, https:\/\/owls-n-bats.net\/wp-content\/uploads\/2025\/01\/COX-2011-sean-mario-ronny-1-contrast-2048x1360.jpeg 2048w, https:\/\/owls-n-bats.net\/wp-content\/uploads\/2025\/01\/COX-2011-sean-mario-ronny-1-contrast-452x300.jpeg 452w\" sizes=\"(max-width: 2560px) 100vw, 2560px\" \/><\/a><p id=\"caption-attachment-2738\" class=\"wp-caption-text\">Clan of Xymox<\/p><\/div>\n<p>CLAN OF XYMOX &#8211; Clan of Xymox aus den Niederlanden geh\u00f6ren zu jenen Bands, die ihren Sound stetig weiterentwickeln. Sie haben bereits auf dem Kultlabel 4AD (Cocteau Twins, Dead Can Dance, Pixies\u2026.) ver\u00f6ffentlicht, und ihr Gr\u00fcndungsmitglied Ronny Moorings geh\u00f6rt zu den in der Szene bekannten und pr\u00e4genden Pers\u00f6nlichkeiten in der Geschichte des Dark Wave. Zwischen Melancholie und Wut changieren die Tracks des Quartetts, das aus Gesang, Gitarre, Keyboard und Schlagzeug besteht (die aktuelle Livebesetzung mit Ronny Morrings, Mojca, Mario, Sean und Daniel). Manchmal minimalistisch, manchmal w\u00fctend und voller Trauer, aber auch mit hypnotischen und verf\u00fchrerischen Dance Rhythmen, schaffen Clan of Xymox ihre eigene Mixtur aus Dark Wave, Electro und Gothic. Am 07.06. 2024 haben sie mit ihrem aktuellen Album \u201eExodus\u201c bereits ihr 18. Studioalbum ver\u00f6ffentlicht und das hat sich gleich auf Platz 1 in die Deutschen Alternative Charts platziert.<br \/>\n<a href=\"http:\/\/www.clanofxymox.com\/\" target=\"_blank\" rel=\"noopener\">http:\/\/www.clanofxymox.com\/<\/a><br \/>\n***<\/p>\n<div id=\"attachment_2739\" style=\"width: 2570px\" class=\"wp-caption alignnone\"><a href=\"http:\/\/owls-n-bats.net\/wp-content\/uploads\/2025\/01\/Night-Nail-Press-Pic-High-res-Vert-scaled.jpg\"><img aria-describedby=\"caption-attachment-2739\" loading=\"lazy\" class=\"size-full wp-image-2739\" src=\"http:\/\/owls-n-bats.net\/wp-content\/uploads\/2025\/01\/Night-Nail-Press-Pic-High-res-Vert-scaled.jpg\" alt=\"\" width=\"2560\" height=\"2355\" srcset=\"https:\/\/owls-n-bats.net\/wp-content\/uploads\/2025\/01\/Night-Nail-Press-Pic-High-res-Vert-scaled.jpg 2560w, https:\/\/owls-n-bats.net\/wp-content\/uploads\/2025\/01\/Night-Nail-Press-Pic-High-res-Vert-300x276.jpg 300w, https:\/\/owls-n-bats.net\/wp-content\/uploads\/2025\/01\/Night-Nail-Press-Pic-High-res-Vert-1024x942.jpg 1024w, https:\/\/owls-n-bats.net\/wp-content\/uploads\/2025\/01\/Night-Nail-Press-Pic-High-res-Vert-768x707.jpg 768w, https:\/\/owls-n-bats.net\/wp-content\/uploads\/2025\/01\/Night-Nail-Press-Pic-High-res-Vert-1536x1413.jpg 1536w, https:\/\/owls-n-bats.net\/wp-content\/uploads\/2025\/01\/Night-Nail-Press-Pic-High-res-Vert-2048x1884.jpg 2048w, https:\/\/owls-n-bats.net\/wp-content\/uploads\/2025\/01\/Night-Nail-Press-Pic-High-res-Vert-326x300.jpg 326w\" sizes=\"(max-width: 2560px) 100vw, 2560px\" \/><\/a><p id=\"caption-attachment-2739\" class=\"wp-caption-text\">Night Nail<\/p><\/div>\n<p>NIGHT NAIL &#8211; Berlin\u2019s darkwave Band um den amerikanischen Songwriter Brandon Robert, wurde urspr\u00fcnglich 2013 in Los Angeles, CA. gegr\u00fcndet. Nach ihrer ersten EP und extensiven Touren durch die USA lebt die Band mittlerweile in Berlin. Ihr Deb\u00fctalbum &#8222;LA Demons&#8220; wurde bei Cleopatra Records im April 2018 ver\u00f6ffentlicht. Das nachfolgende Album \u201eMarch to Autumn\u201c erschien 2020 beim deutschen Szene Label &#8222;Cold Transmission Music&#8220;. Das aktuelle dritte Album &#8222;Fates Explained&#8220; erschien beim amerikanischen &#8222;Metropolis Records\u201c (V\u00d6: 17.11.2023) als CD und Vinyl. Die Single &#8222;Narcoleptic Dream Catcher\u201c von dem Album stieg sofort in die Deutschen Alternative Charts ein, das Album \u201eFates Explained\u201c schaffte es sogar in die American Alternative Charts.<br \/>\n<a href=\"https:\/\/www.nightnail.com\/\" target=\"_blank\" rel=\"noopener\">https:\/\/www.nightnail.com\/<\/a><br \/>\n***<\/p>\n<p><a href=\"http:\/\/owls-n-bats.net\/wp-content\/uploads\/2025\/01\/Nikita-Curtis-Foto-1-quer-by-Yuri-Reitler.jpeg\"><img loading=\"lazy\" class=\"alignnone size-full wp-image-2740\" src=\"http:\/\/owls-n-bats.net\/wp-content\/uploads\/2025\/01\/Nikita-Curtis-Foto-1-quer-by-Yuri-Reitler.jpeg\" alt=\"\" width=\"1280\" height=\"853\" srcset=\"https:\/\/owls-n-bats.net\/wp-content\/uploads\/2025\/01\/Nikita-Curtis-Foto-1-quer-by-Yuri-Reitler.jpeg 1280w, https:\/\/owls-n-bats.net\/wp-content\/uploads\/2025\/01\/Nikita-Curtis-Foto-1-quer-by-Yuri-Reitler-300x200.jpeg 300w, https:\/\/owls-n-bats.net\/wp-content\/uploads\/2025\/01\/Nikita-Curtis-Foto-1-quer-by-Yuri-Reitler-1024x682.jpeg 1024w, https:\/\/owls-n-bats.net\/wp-content\/uploads\/2025\/01\/Nikita-Curtis-Foto-1-quer-by-Yuri-Reitler-768x512.jpeg 768w, https:\/\/owls-n-bats.net\/wp-content\/uploads\/2025\/01\/Nikita-Curtis-Foto-1-quer-by-Yuri-Reitler-450x300.jpeg 450w\" sizes=\"(max-width: 1280px) 100vw, 1280px\" \/><\/a><\/p>\n<p>NIKITA CURTIS &#8211; Irgendwo zwischen nihilistischer Weltanschauung und jugendlicher Naivit\u00e4t suchen Nikita Curtis ihren Platz in einer Welt, die ihnen nicht so wirklich gerecht zu werden scheint. W\u00fctende Rhythmen und eine Prise 80\u2018s \u201eDark-Indie\u201c-\u00c4sthetik bilden die Grundpfeiler der jungen Leipziger Band. Sie schlagen die musikalische Br\u00fccke ihrer ostdeutschen Heimat zu den kulturellen Sehnsuchtsorten Gro\u00dfbritanniens mit charmanter Leichtigkeit. Das spannende Quartett verkn\u00fcpft damit gekonnt Reminiszenzen an New Wave Bands der ersten Stunde mit einem geschulten Blick f\u00fcr kontempor\u00e4re Trends. Inhaltlich stehen Wut, Trauer und Zukunftssorgen dabei im Mittelpunkt, ohne dem Schaffen der Leipziger einen weinerlichen Anstrich zu verleihen. F\u00fcr Fans von: Fontaines D.C, Shame, The Cure, Idles Die erste Single \u201eThe Traitor\u201c spielt mit dr\u00e4ngender und ansteckender Energie. Wenn in \u201eVanished\u201c die zum Scheitern verurteilte Freundschaft besungen wird, geht die bitters\u00fc\u00dfe Sonne f\u00fcr jede\/n Liebhaber\/in von melancholischem Indie-Rock auf:<br \/>\n<a href=\"https:\/\/nikitacurtis.bandcamp.com\/\" target=\"_blank\" rel=\"noopener\">https:\/\/nikitacurtis.bandcamp.com\/<\/a><br \/>\n***<\/p>\n<div id=\"attachment_2656\" style=\"width: 2570px\" class=\"wp-caption alignnone\"><a href=\"https:\/\/yeahrs.bandcamp.com\/\" target=\"_blank\" rel=\"noopener\"><img aria-describedby=\"caption-attachment-2656\" loading=\"lazy\" class=\"wp-image-2656 size-full\" src=\"http:\/\/owls-n-bats.net\/wp-content\/uploads\/2023\/12\/YEAHRS-PIC_Promofoto_CopyrightBand_-2-scaled.jpeg\" alt=\"\" width=\"2560\" height=\"1707\" srcset=\"https:\/\/owls-n-bats.net\/wp-content\/uploads\/2023\/12\/YEAHRS-PIC_Promofoto_CopyrightBand_-2-scaled.jpeg 2560w, https:\/\/owls-n-bats.net\/wp-content\/uploads\/2023\/12\/YEAHRS-PIC_Promofoto_CopyrightBand_-2-300x200.jpeg 300w, https:\/\/owls-n-bats.net\/wp-content\/uploads\/2023\/12\/YEAHRS-PIC_Promofoto_CopyrightBand_-2-1024x683.jpeg 1024w, https:\/\/owls-n-bats.net\/wp-content\/uploads\/2023\/12\/YEAHRS-PIC_Promofoto_CopyrightBand_-2-768x512.jpeg 768w, https:\/\/owls-n-bats.net\/wp-content\/uploads\/2023\/12\/YEAHRS-PIC_Promofoto_CopyrightBand_-2-1536x1024.jpeg 1536w, https:\/\/owls-n-bats.net\/wp-content\/uploads\/2023\/12\/YEAHRS-PIC_Promofoto_CopyrightBand_-2-2048x1365.jpeg 2048w, https:\/\/owls-n-bats.net\/wp-content\/uploads\/2023\/12\/YEAHRS-PIC_Promofoto_CopyrightBand_-2-450x300.jpeg 450w\" sizes=\"(max-width: 2560px) 100vw, 2560px\" \/><\/a><p id=\"caption-attachment-2656\" class=\"wp-caption-text\">Yeahrs<\/p><\/div>\n<p>YEARHS sind eine der aufregendsten und spannendsten Bands aus Berlin, dabei sind sie eigentlich aus Frankreich. Die Band wird im EXBERLINER als &#8222;Cloudy, dreamy, heavy, and rough&#8220; betitelt. Wie auch immer, Ihre Einfl\u00fcsse kommen aus dem Grunge, Post-Punk und Dream Pop und live waren sie f\u00fcr uns die Entdeckung des Jahres &#8211; Absoluter Tip.<br \/>\n<a href=\"https:\/\/yeahrs.bandcamp.com\/\" target=\"_blank\" rel=\"noopener\">https:\/\/yeahrs.bandcamp.com\/<\/a><\/p>\n<p style=\"text-align: center;\"><a href=\"https:\/\/owls-n-bats.reservix.de\/tickets-owls-n-bats-winterfest-die-eulen-und-fledermaeuse-feiern-wieder-in-detmold-stadthalle-detmold-im-schlosspark-am-6-1-2024\/e2138684\" target=\"_blank\" rel=\"noopener\"><img loading=\"lazy\" class=\"alignnone wp-image-2641 size-full\" src=\"http:\/\/owls-n-bats.net\/wp-content\/uploads\/2023\/10\/Ticketbuttonrund_150.gif\" alt=\"\" width=\"150\" height=\"150\" \/><\/a><\/p>\n","protected":false},"excerpt":{"rendered":"<p>CLAN OF XYMOX &#8211; Clan of Xymox aus den Niederlanden geh\u00f6ren zu jenen Bands, die ihren Sound stetig weiterentwickeln. Sie haben bereits auf dem Kultlabel 4AD (Cocteau Twins, Dead Can Dance, Pixies\u2026.) ver\u00f6ffentlicht, und ihr Gr\u00fcndungsmitglied Ronny Moorings geh\u00f6rt zu &hellip; <a href=\"https:\/\/owls-n-bats.net\/?page_id=2737\">Weiterlesen <span class=\"meta-nav\">&rarr;<\/span><\/a><\/p>\n","protected":false},"author":1,"featured_media":0,"parent":0,"menu_order":0,"comment_status":"closed","ping_status":"closed","template":"","meta":[],"_links":{"self":[{"href":"https:\/\/owls-n-bats.net\/index.php?rest_route=\/wp\/v2\/pages\/2737"}],"collection":[{"href":"https:\/\/owls-n-bats.net\/index.php?rest_route=\/wp\/v2\/pages"}],"about":[{"href":"https:\/\/owls-n-bats.net\/index.php?rest_route=\/wp\/v2\/types\/page"}],"author":[{"embeddable":true,"href":"https:\/\/owls-n-bats.net\/index.php?rest_route=\/wp\/v2\/users\/1"}],"replies":[{"embeddable":true,"href":"https:\/\/owls-n-bats.net\/index.php?rest_route=%2Fwp%2Fv2%2Fcomments&post=2737"}],"version-history":[{"count":9,"href":"https:\/\/owls-n-bats.net\/index.php?rest_route=\/wp\/v2\/pages\/2737\/revisions"}],"predecessor-version":[{"id":2755,"href":"https:\/\/owls-n-bats.net\/index.php?rest_route=\/wp\/v2\/pages\/2737\/revisions\/2755"}],"wp:attachment":[{"href":"https:\/\/owls-n-bats.net\/index.php?rest_route=%2Fwp%2Fv2%2Fmedia&parent=2737"}],"curies":[{"name":"wp","href":"https:\/\/api.w.org\/{rel}","templated":true}]}}